er when 591 is divided by 72?
15
Calculate the remainder when 159 is divided by 32.
31
What is the remainder when 134 is divided by 14?
8
What is the remainder when 44 is divided by 7?
2
Calculate the remainder when 64257 is divided by 85.
82
Calculate the remainder when 377 is divided by 338.
39
Calculate the remainder when 45 is divided by 9.
0
Calculate the remainder when 867 is divided by 288.
3
What is the remainder when 2376 is divided by 13?
10
Calculate the remainder when 146 is divided by 55.
36
What is the remainder when 845 is divided by 50?
45
Calculate the remainder when 766 is divided by 383.
0
What is the remainder when 32 is divided by 15?
2
What is the remainder when 777 is divided by 127?
15
What is the remainder when 4893 is divided by 79?
74
What is the remainder when 114 is divided by 24?
18
What is the remainder when 81 is divided by 14?
11
Calculate the remainder when 2399 is divided by 15.
14
Calculate the remainder when 3994 is divided by 25.
19
Calculate the remainder when 1063 is divided by 4.
3
Calculate the remainder when 192 is divided by 90.
12
What is the remainder when 71 is divided by 14?
1
What is the remainder when 1484 is divided by 350?
84
Calculate the remainder when 214 is divided by 17.
10
Calculate the remainder when 12191 is divided by 67.
64
Calculate the remainder when 166 is divided by 84.
82
Calculate the remainder when 366 is divided by 55.
36
What is the remainder when 453 is divided by 51?
45
What is the remainder when 113 is divided by 5?
3
What is the remainder when 218 is divided by 72?
2
What is the remainder when 411 is divided by 128?
27
What is the remainder when 368 is divided by 62?
58
What is the remainder when 216 is divided by 44?
40
Calculate the remainder when 3 is divided by 3.
0
What is the remainder when 295 is divided by 100?
95
What is the remainder when 68 is divided by 58?
10
What is the remainder when 124 is divided by 33?
25
Calculate the remainder when 1511 is divided by 36.
35
What is the remainder when 951 is divided by 64?
55
Calculate the remainder when 2175 is divided by 99.
96
Calculate the remainder when 1292 is divided by 74.
34
What is the remainder when 67 is divided by 14?
11
Calculate the remainder when 456 is divided by 148.
12
What is the remainder when 1171 is divided by 25?
21
Calculate the remainder when 884 is divided by 90.
74
Calculate the remainder when 613 is divided by 15.
13
What is the remainder when 85 is divided by 9?
4
Calculate the remainder when 71 is divided by 33.
5
What is the remainder when 187 is divided by 19?
16
Calculate the remainder when 138 is divided by 47.
44
Calculate the remainder when 946 is divided by 79.
77
What is the remainder when 377 is divided by 21?
20
Calculate the remainder when 531 is divided by 89.
86
What is the remainder when 5958 is divided by 1986?
0
Calculate the remainder when 384 is divided by 39.
33
Calculate the remainder when 146 is divided by 51.
44
Calculate the remainder when 1631 is divided by 43.
40
Calculate the remainder when 82 is divided by 46.
36
What is the remainder when 384 is divided by 105?
69
What is the remainder when 549 is divided by 12?
9
Calculate the remainder when 33 is divided by 11.
0
What is the remainder when 458 is divided by 143?
29
What is the remainder when 168 is divided by 91?
77
Calculate the remainder when 502 is divided by 102.
94
What is the remainder when 439 is divided by 17?
14
What is the remainder when 1498 is divided by 64?
26
Calculate the remainder when 1629 is divided by 32.
29
Calculate the remainder when 2646 is divided by 117.
72
What is the remainder when 94 is divided by 54?
40
Calculate the remainder when 234 is divided by 34.
30
Calculate the remainder when 4392 is divided by 23.
22
Calculate the remainder when 231 is divided by 43.
16
What is the remainder when 176 is divided by 79?
18
What is the remainder when 774 is divided by 37?
34
Calculate the remainder when 14 is divided by 6.
2
What is the remainder when 96 is divided by 26?
18
Calculate the remainder when 40 is divided by 21.
19
What is the remainder when 1079 is divided by 20?
19
What is the remainder when 110 is divided by 67?
43
What is the remainder when 13284 is divided by 26?
24
What is the remainder when 1797 is divided by 254?
19
Calculate the remainder when 123 is divided by 112.
11
What is the remainder when 154 is divided by 3?
1
Calculate the remainder when 277 is divided by 56.
53
What is the remainder when 2655 is divided by 268?
243
What is the remainder when 200 is divided by 37?
15
What is the remainder when 253 is divided by 122?
9
Calculate the remainder when 216 is divided by 4.
0
Calculate the remainder when 23069 is divided by 10.
9
Calculate the remainder when 2022 is divided by 11.
9
Calculate the remainder when 9251 is divided by 19.
17
What is the remainder when 570 is divided by 63?
3
Calculate the remainder when 950 is divided by 62.
20
What is the remainder when 1518 is divided by 302?
8
What is the remainder when 173 is divided by 37?
25
What is the remainder when 163 is divided by 41?
40
Calculate the remainder when 242 is divided by 58.
10
Calculate the remainder when 2654 is divided by 15.
14
What is the remainder when 330 is divided by 104?
18
Calculate the remainder when 20144 is divided by 28.
12
Calculate the remainder when 1569 is divided by 175.
169
Calculate the remainder when 584 is divided by 49.
45
What is the remainder when 457 is divided by 17?
15
What is the remainder when 68 is divided by 41?
27
What is the remainder when 737 is divided by 74?
71
Calculate the remainder when 245 is divided by 16.
5
Calculate the remainder when 240 is divided by 4.
0
What is the remainder when 1426 is divided by 12?
10
What is the remainder when 14096 is divided by 75?
71
Calculate the remainder when 515 is divided by 164.
23
What is the remainder when 91 is divided by 32?
27
Calculate the remainder when 2162 is divided by 65.
17
What is the remainder when 100 is divided by 34?
32
What is the remainder when 602 is divided by 122?
114
What is the remainder when 1306 is divided by 217?
4
What is the remainder when 230 is divided by 222?
8
Calculate the remainder when 557 is divided by 43.
41
What is the remainder when 462 is divided by 94?
86
What is the remainder when 119 is divided by 39?
2
What is the remainder when 213 is divided by 46?
29
Calculate the remainder when 1496 is divided by 15.
11
What is the remainder when 148 is divided by 64?
20
Calculate the remainder when 1315 is divided by 152.
99
Calculate the remainder when 1767 is divided by 106.
71
Calculate the remainder when 146 is divided by 38.
32
What is the remainder when 135 is divided by 40?
15
Calculate the remainder when 678 is divided by 62.
58
Calculate the remainder when 84 is divided by 49.
35
What is the remainder when 872 is divided by 9?
8
Calculate the remainder when 348 is divided by 76.
44
What is the remainder when 3950 is divided by 38?
36
Calculate the remainder when 47 is divided by 16.
15
What is the remainder when 1237 is divided by 505?
227
What is the remainder when 892 is divided by 34?
8
What is the remainder when 570 is divided by 57?
0
What is the remainder when 4567 is divided by 254?
249
Calculate the remainder when 689 is divided by 15.
14
Calculate the remainder when 33 is divided by 5.
3
What is the remainder when 2480 is divided by 824?
8
What is the remainder when 1909 is divided by 87?
82
What is the remainder when 231 is divided by 6?
3
Calculate the remainder when 1005 is divided by 63.
60
Calculate the remainder when 152 is divided by 23.
14
What is the remainder when 347 is divided by 5?
2
What is the remainder when 1108 is divided by 160?
148
What is the remainder when 677 is divided by 43?
32
Calculate the remainder when 456 is divided by 28.
8
What is the remainder when 161 is divided by 63?
35
Calculate the remainder when 202 is divided by 5.
2
What is the remainder when 535 is divided by 67?
66
Calculate the remainder when 8000 is divided by 23.
19
What is the remainder when 473 is divided by 28?
25
Calculate the remainder when 61979 is divided by 17.
14
Calculate the remainder when 815 is divided by 94.
63
Calculate the remainder when 247 is divided b